[INFO] cloning repository https://github.com/cristicbz/rust-doom
[INFO] running `Command { std: "git" "-c" "credential.helper=" "-c" "credential.helper=/workspace/cargo-home/bin/git-credential-null" "clone" "--bare" "https://github.com/cristicbz/rust-doom" "/workspace/cache/git-repos/https%3A%2F%2Fgithub.com%2Fcristicbz%2Frust-doom", kill_on_drop: false }`
[INFO] [stderr] Cloning into bare repository '/workspace/cache/git-repos/https%3A%2F%2Fgithub.com%2Fcristicbz%2Frust-doom'...
[INFO] running `Command { std: "git" "rev-parse" "HEAD", kill_on_drop: false }`
[INFO] [stdout] caaf3e20ead51674038c3302ce4eddc5bcab4ce4
[INFO] checking cristicbz/rust-doom against try#72f88fc4e9458f89516a0b8b0868f3718aec5b47 for pr-74989
[INFO] running `Command { std: "git" "clone" "/workspace/cache/git-repos/https%3A%2F%2Fgithub.com%2Fcristicbz%2Frust-doom" "/workspace/builds/worker-1/source", kill_on_drop: false }`
[INFO] [stderr] Cloning into '/workspace/builds/worker-1/source'...
[INFO] [stderr] done.
[INFO] validating manifest of git repo https://github.com/cristicbz/rust-doom on toolchain 72f88fc4e9458f89516a0b8b0868f3718aec5b47
[INFO] running `Command { std: "/workspace/cargo-home/bin/cargo" "+72f88fc4e9458f89516a0b8b0868f3718aec5b47" "read-manifest" "--manifest-path" "Cargo.toml", kill_on_drop: false }`
[INFO] started tweaking git repo https://github.com/cristicbz/rust-doom
[INFO] removed workspace from git repo https://github.com/cristicbz/rust-doom
[INFO] removed path dependency engine from git repo https://github.com/cristicbz/rust-doom
[INFO] removed path dependency game from git repo https://github.com/cristicbz/rust-doom
[INFO] removed path dependency math from git repo https://github.com/cristicbz/rust-doom
[INFO] removed path dependency wad from git repo https://github.com/cristicbz/rust-doom
[INFO] finished tweaking git repo https://github.com/cristicbz/rust-doom
[INFO] tweaked toml for git repo https://github.com/cristicbz/rust-doom written to /workspace/builds/worker-1/source/Cargo.toml
[INFO] crate git repo https://github.com/cristicbz/rust-doom already has a lockfile, it will not be regenerated
[INFO] running `Command { std: "/workspace/cargo-home/bin/cargo" "+72f88fc4e9458f89516a0b8b0868f3718aec5b47" "fetch" "--locked" "--manifest-path" "Cargo.toml", kill_on_drop: false }`
[INFO] [stderr] warning: dependency (engine) specified without providing a local path, Git repository, or version to use. This will be considered an error in future versions
[INFO] [stderr] warning: dependency (game) specified without providing a local path, Git repository, or version to use. This will be considered an error in future versions
[INFO] [stderr] warning: dependency (math) specified without providing a local path, Git repository, or version to use. This will be considered an error in future versions
[INFO] [stderr] warning: dependency (wad) specified without providing a local path, Git repository, or version to use. This will be considered an error in future versions
[INFO] [stderr]     Updating crates.io index
[INFO] [stderr] error: the lock file /workspace/builds/worker-1/source/Cargo.lock needs to be updated but --locked was passed to prevent this
[INFO] [stderr] If you want to try to generate the lock file without accessing the network, use the --offline flag.
[INFO] the lockfile is outdated, regenerating it
[INFO] running `Command { std: "/workspace/cargo-home/bin/cargo" "+72f88fc4e9458f89516a0b8b0868f3718aec5b47" "generate-lockfile" "--manifest-path" "Cargo.toml" "-Zno-index-update", kill_on_drop: false }`
[INFO] [stderr]     Blocking waiting for file lock on package cache
[INFO] running `Command { std: "/workspace/cargo-home/bin/cargo" "+72f88fc4e9458f89516a0b8b0868f3718aec5b47" "fetch" "--locked" "--manifest-path" "Cargo.toml", kill_on_drop: false }`
[INFO] [stderr] warning: dependency (engine) specified without providing a local path, Git repository, or version to use. This will be considered an error in future versions
[INFO] [stderr] warning: dependency (game) specified without providing a local path, Git repository, or version to use. This will be considered an error in future versions
[INFO] [stderr] warning: dependency (math) specified without providing a local path, Git repository, or version to use. This will be considered an error in future versions
[INFO] [stderr] warning: dependency (wad) specified without providing a local path, Git repository, or version to use. This will be considered an error in future versions
[INFO] [stderr]     Blocking waiting for file lock on package cache
[INFO] [stderr]  Downloading crates ...
[INFO] [stderr]   Downloaded wad v0.3.2
[INFO] [stderr]   Downloaded game v0.1.0
[INFO] running `Command { std: "docker" "create" "-v" "/var/lib/crater-agent-workspace/builds/worker-1/target:/opt/rustwide/target:rw,Z" "-v" "/var/lib/crater-agent-workspace/builds/worker-1/source:/opt/rustwide/workdir:ro,Z" "-v" "/var/lib/crater-agent-workspace/cargo-home:/opt/rustwide/cargo-home:ro,Z" "-v" "/var/lib/crater-agent-workspace/rustup-home:/opt/rustwide/rustup-home:ro,Z" "-e" "SOURCE_DIR=/opt/rustwide/workdir" "-e" "CARGO_TARGET_DIR=/opt/rustwide/target" "-e" "CARGO_HOME=/opt/rustwide/cargo-home" "-e" "RUSTUP_HOME=/opt/rustwide/rustup-home" "-w" "/opt/rustwide/workdir" "-m" "1610612736" "--user" "0:0" "--network" "none" "rustops/crates-build-env@sha256:d92eaeed33fa75130ca1ee6c8a01d1ffb62bac859dfdfb3450e3e5d1c0146529" "/opt/rustwide/cargo-home/bin/cargo" "+72f88fc4e9458f89516a0b8b0868f3718aec5b47" "metadata" "--no-deps" "--format-version=1", kill_on_drop: false }`
[INFO] [stdout] 0cca29ec7b6fab21695bd163d7f996a4847b3eedc24c80c235ddf6562b95222b
[INFO] [stderr] WARNING: Your kernel does not support swap limit capabilities or the cgroup is not mounted. Memory limited without swap.
[INFO] running `Command { std: "docker" "start" "-a" "0cca29ec7b6fab21695bd163d7f996a4847b3eedc24c80c235ddf6562b95222b", kill_on_drop: false }`
[INFO] running `Command { std: "docker" "inspect" "0cca29ec7b6fab21695bd163d7f996a4847b3eedc24c80c235ddf6562b95222b", kill_on_drop: false }`
[INFO] running `Command { std: "docker" "rm" "-f" "0cca29ec7b6fab21695bd163d7f996a4847b3eedc24c80c235ddf6562b95222b", kill_on_drop: false }`
[INFO] [stdout] 0cca29ec7b6fab21695bd163d7f996a4847b3eedc24c80c235ddf6562b95222b
[INFO] running `Command { std: "docker" "create" "-v" "/var/lib/crater-agent-workspace/builds/worker-1/target:/opt/rustwide/target:rw,Z" "-v" "/var/lib/crater-agent-workspace/builds/worker-1/source:/opt/rustwide/workdir:ro,Z" "-v" "/var/lib/crater-agent-workspace/cargo-home:/opt/rustwide/cargo-home:ro,Z" "-v" "/var/lib/crater-agent-workspace/rustup-home:/opt/rustwide/rustup-home:ro,Z" "-e" "SOURCE_DIR=/opt/rustwide/workdir" "-e" "CARGO_TARGET_DIR=/opt/rustwide/target" "-e" "CARGO_INCREMENTAL=0" "-e" "RUST_BACKTRACE=full" "-e" "RUSTFLAGS=--cap-lints=forbid" "-e" "CARGO_HOME=/opt/rustwide/cargo-home" "-e" "RUSTUP_HOME=/opt/rustwide/rustup-home" "-w" "/opt/rustwide/workdir" "-m" "1610612736" "--user" "0:0" "--network" "none" "rustops/crates-build-env@sha256:d92eaeed33fa75130ca1ee6c8a01d1ffb62bac859dfdfb3450e3e5d1c0146529" "/opt/rustwide/cargo-home/bin/cargo" "+72f88fc4e9458f89516a0b8b0868f3718aec5b47" "check" "--frozen" "--all" "--all-targets" "--message-format=json", kill_on_drop: false }`
[INFO] [stderr] WARNING: Your kernel does not support swap limit capabilities or the cgroup is not mounted. Memory limited without swap.
[INFO] [stdout] 0863991ad8453420b9bcd25ab8f6313ced49ec4cd2f5ea20a10465b209e60158
[INFO] running `Command { std: "docker" "start" "-a" "0863991ad8453420b9bcd25ab8f6313ced49ec4cd2f5ea20a10465b209e60158", kill_on_drop: false }`
[INFO] [stderr] warning: dependency (engine) specified without providing a local path, Git repository, or version to use. This will be considered an error in future versions
[INFO] [stderr] warning: dependency (game) specified without providing a local path, Git repository, or version to use. This will be considered an error in future versions
[INFO] [stderr] warning: dependency (math) specified without providing a local path, Git repository, or version to use. This will be considered an error in future versions
[INFO] [stderr] warning: dependency (wad) specified without providing a local path, Git repository, or version to use. This will be considered an error in future versions
[INFO] [stderr]    Compiling autocfg v1.0.1
[INFO] [stderr]    Compiling libc v0.2.77
[INFO] [stderr]    Compiling proc-macro2 v1.0.21
[INFO] [stderr]    Compiling unicode-xid v0.2.1
[INFO] [stderr]    Compiling syn v1.0.40
[INFO] [stderr]    Compiling getrandom v0.1.15
[INFO] [stderr]     Checking unicode-width v0.1.8
[INFO] [stderr]    Compiling syn v0.15.44
[INFO] [stderr]    Compiling rayon-core v1.8.0
[INFO] [stderr]     Checking adler v0.2.3
[INFO] [stderr]     Checking gimli v0.22.0
[INFO] [stderr]    Compiling log v0.4.11
[INFO] [stderr]    Compiling failure_derive v0.1.8
[INFO] [stderr]     Checking rustc-demangle v0.1.16
[INFO] [stderr]     Checking object v0.20.0
[INFO] [stderr]     Checking ppv-lite86 v0.2.9
[INFO] [stderr]     Checking either v1.6.0
[INFO] [stderr]     Checking regex-syntax v0.6.18
[INFO] [stderr]     Checking quick-error v1.2.3
[INFO] [stderr]     Checking game v0.1.0
[INFO] [stderr]    Compiling proc-macro-error-attr v1.0.4
[INFO] [stderr]    Compiling proc-macro-error v1.0.4
[INFO] [stderr]     Checking thread_local v1.0.1
[INFO] [stderr]     Checking textwrap v0.11.0
[INFO] [stderr]     Checking humantime v1.3.0
[INFO] [stderr]     Checking aho-corasick v0.7.13
[INFO] [stderr]    Compiling num-traits v0.2.12
[INFO] [stderr]    Compiling crossbeam-utils v0.7.2
[INFO] [stderr]    Compiling memoffset v0.5.5
[INFO] [stderr]    Compiling num-integer v0.1.43
[INFO] [stderr]    Compiling crossbeam-epoch v0.8.2
[INFO] [stderr]    Compiling num-bigint v0.2.6
[INFO] [stderr]    Compiling miniz_oxide v0.4.2
[INFO] [stderr]    Compiling num-iter v0.1.41
[INFO] [stderr]    Compiling num-rational v0.2.4
[INFO] [stderr]    Compiling num-complex v0.2.4
[INFO] [stderr]    Compiling rayon v1.4.0
[INFO] [stderr]    Compiling quote v1.0.7
[INFO] [stderr]     Checking atty v0.2.14
[INFO] [stderr]     Checking num_cpus v1.13.0
[INFO] [stderr]     Checking clap v2.33.3
[INFO] [stderr]     Checking rand_core v0.5.1
[INFO] [stderr]     Checking crossbeam-channel v0.4.4
[INFO] [stderr]     Checking rand_chacha v0.2.2
[INFO] [stderr]     Checking crossbeam-deque v0.7.3
[INFO] [stderr]     Checking rand v0.7.3
[INFO] [stderr]     Checking regex v1.3.9
[INFO] [stderr]     Checking addr2line v0.13.0
[INFO] [stderr]     Checking backtrace v0.3.50
[INFO] [stderr]    Compiling structopt-derive v0.2.18
[INFO] [stderr]     Checking env_logger v0.7.1
[INFO] [stderr]     Checking num v0.2.1
[INFO] [stderr]     Checking structopt v0.2.18
[INFO] [stderr]     Checking wad v0.3.2
[INFO] [stderr]     Checking math v0.8.8
[INFO] [stderr]    Compiling synstructure v0.12.4
[INFO] [stderr]    Compiling structopt-derive v0.4.10
[INFO] [stderr]     Checking failure v0.1.8
[INFO] [stderr]     Checking engine v0.0.0
[INFO] [stderr]     Checking structopt v0.3.17
[INFO] [stderr]     Checking rs_doom v0.0.9 (/opt/rustwide/workdir)
[INFO] [stdout] error[E0432]: unresolved imports `game::Game`, `game::GameConfig`
[INFO] [stdout]  --> src/main.rs:2:18
[INFO] [stdout]   |
[INFO] [stdout] 2 | use game::{self, Game, GameConfig};
[INFO] [stdout]   |                  ^^^^  ^^^^^^^^^^ no `GameConfig` in the root
[INFO] [stdout]   |                  |
[INFO] [stdout]   |                  no `Game` in the root
[INFO] [stdout] 
[INFO] [stdout] 
[INFO] [stdout] error[E0432]: unresolved import `math::DurationExt`
[INFO] [stdout]  --> src/main.rs:4:5
[INFO] [stdout]   |
[INFO] [stdout] 4 | use math::DurationExt;
[INFO] [stdout]   |     ^^^^^^^^^^^^^^^^^ no `DurationExt` in the root
[INFO] [stdout] 
[INFO] [stdout] 
[INFO] [stdout] error[E0432]: unresolved import `wad::Archive`
[INFO] [stdout]   --> src/main.rs:10:5
[INFO] [stdout]    |
[INFO] [stdout] 10 | use wad::Archive;
[INFO] [stdout]    |     ^^^^^^^^^^^^ no `Archive` in the root
[INFO] [stdout] 
[INFO] [stdout] 
[INFO] [stdout] error[E0432]: unresolved imports `game::Game`, `game::GameConfig`
[INFO] [stdout]  --> src/main.rs:2:18
[INFO] [stdout]   |
[INFO] [stdout] 2 | use game::{self, Game, GameConfig};
[INFO] [stdout]   |                  ^^^^  ^^^^^^^^^^ no `GameConfig` in the root
[INFO] [stdout]   |                  |
[INFO] [stdout]   |                  no `Game` in the root
[INFO] [stdout] 
[INFO] [stdout] 
[INFO] [stdout] error[E0432]: unresolved import `math::DurationExt`
[INFO] [stdout]  --> src/main.rs:4:5
[INFO] [stdout]   |
[INFO] [stdout] 4 | use math::DurationExt;
[INFO] [stdout]   |     ^^^^^^^^^^^^^^^^^ no `DurationExt` in the root
[INFO] [stdout] 
[INFO] [stdout] 
[INFO] [stdout] error[E0432]: unresolved import `wad::Archive`
[INFO] [stdout]   --> src/main.rs:10:5
[INFO] [stdout]    |
[INFO] [stdout] 10 | use wad::Archive;
[INFO] [stdout]    |     ^^^^^^^^^^^^ no `Archive` in the root
[INFO] [stdout] 
[INFO] [stdout] 
[INFO] [stdout] error[E0425]: cannot find function `create` in crate `game`
[INFO] [stdout]   --> src/main.rs:99:38
[INFO] [stdout]    |
[INFO] [stdout] 99 |                 let mut game = game::create(&self.into_config())?;
[INFO] [stdout]    |                                      ^^^^^^ not found in `game`
[INFO] [stdout]    |
[INFO] [stdout] help: consider importing this function
[INFO] [stdout]    |
[INFO] [stdout] 1  | use crate::process::imp::process_inner::sys::thread_local_key::create;
[INFO] [stdout]    |
[INFO] [stdout] 
[INFO] [stdout] 
[INFO] [stdout] error[E0425]: cannot find function `create` in crate `game`
[INFO] [stdout]    --> src/main.rs:104:38
[INFO] [stdout]     |
[INFO] [stdout] 104 |                 let mut game = game::create(&GameConfig {
[INFO] [stdout]     |                                      ^^^^^^ not found in `game`
[INFO] [stdout]     |
[INFO] [stdout] help: consider importing this function
[INFO] [stdout]     |
[INFO] [stdout] 1   | use crate::process::imp::process_inner::sys::thread_local_key::create;
[INFO] [stdout]     |
[INFO] [stdout] 
[INFO] [stdout] 
[INFO] [stdout] error[E0425]: cannot find function `create` in crate `game`
[INFO] [stdout]   --> src/main.rs:99:38
[INFO] [stdout]    |
[INFO] [stdout] 99 |                 let mut game = game::create(&self.into_config())?;
[INFO] [stdout]    |                                      ^^^^^^ not found in `game`
[INFO] [stdout]    |
[INFO] [stdout] help: consider importing this function
[INFO] [stdout]    |
[INFO] [stdout] 1  | use crate::process::imp::process_inner::sys::thread_local_key::create;
[INFO] [stdout]    |
[INFO] [stdout] 
[INFO] [stdout] 
[INFO] [stdout] error[E0425]: cannot find function `create` in crate `game`
[INFO] [stdout]    --> src/main.rs:104:38
[INFO] [stdout]     |
[INFO] [stdout] 104 |                 let mut game = game::create(&GameConfig {
[INFO] [stdout]     |                                      ^^^^^^ not found in `game`
[INFO] [stdout]     |
[INFO] [stdout] help: consider importing this function
[INFO] [stdout]     |
[INFO] [stdout] 1   | use crate::process::imp::process_inner::sys::thread_local_key::create;
[INFO] [stdout]     |
[INFO] [stdout] 
[INFO] [stdout] 
[INFO] [stdout] error[E0599]: no method named `f64_seconds` found for struct `Duration` in the current scope
[INFO] [stdout]    --> src/main.rs:115:34
[INFO] [stdout]     |
[INFO] [stdout] 115 |                     t0.elapsed().f64_seconds()
[INFO] [stdout]     |                                  ^^^^^^^^^^^ method not found in `Duration`
[INFO] [stdout] 
[INFO] [stdout] 
[INFO] [stdout] error[E0599]: no method named `f64_seconds` found for struct `Duration` in the current scope
[INFO] [stdout]    --> src/main.rs:115:34
[INFO] [stdout]     |
[INFO] [stdout] 115 |                     t0.elapsed().f64_seconds()
[INFO] [stdout]     |                                  ^^^^^^^^^^^ method not found in `Duration`
[INFO] [stdout] 
[INFO] [stdout] 
[INFO] [stdout] error: aborting due to 6 previous errors
[INFO] [stdout] 
[INFO] [stdout] 
[INFO] [stdout] Some errors have detailed explanations: E0425, E0432, E0599.
[INFO] [stdout] 
[INFO] [stdout] For more information about an error, try `rustc --explain E0425`.
[INFO] [stdout] 
[INFO] [stdout] error: aborting due to 6 previous errors
[INFO] [stdout] 
[INFO] [stdout] 
[INFO] [stdout] Some errors have detailed explanations: E0425, E0432, E0599.
[INFO] [stdout] 
[INFO] [stdout] For more information about an error, try `rustc --explain E0425`.
[INFO] [stdout] 
[INFO] [stderr] error: could not compile `rs_doom`.
[INFO] [stderr] 
[INFO] [stderr] To learn more, run the command again with --verbose.
[INFO] [stderr] warning: build failed, waiting for other jobs to finish...
[INFO] [stderr] error: build failed
[INFO] running `Command { std: "docker" "inspect" "0863991ad8453420b9bcd25ab8f6313ced49ec4cd2f5ea20a10465b209e60158", kill_on_drop: false }`
[INFO] running `Command { std: "docker" "rm" "-f" "0863991ad8453420b9bcd25ab8f6313ced49ec4cd2f5ea20a10465b209e60158", kill_on_drop: false }`
[INFO] [stdout] 0863991ad8453420b9bcd25ab8f6313ced49ec4cd2f5ea20a10465b209e60158
